
9
What is the ten millions digit of 211667836?
1
What is the units digit of 445174513?
3
What is the thousands digit of 24970305?
0
What is the hundred thousands digit of 480425126?
4
What is the hundred thousands digit of 92464010?
4
What is the hundred thousands digit of 3581070472?
0
What is the tens digit of 213974898?
9
What is the hundred thousands digit of 54749468?
7
What is the ten thousands digit of 7636781?
3
What is the millions digit of 122892772?
2
What is the hundreds digit of 1797480071?
0
What is the thousands digit of 5356051646?
1
What is the units digit of 11155394?
4
What is the millions digit of 15207733?
5
What is the billions digit of 5120749146?
5
What is the billions digit of 5118398868?
5
What is the ten millions digit of 335082721?
3
What is the ten thousands digit of 960002713?
0
What is the tens digit of 779061452?
5
What is the hundred millions digit of 5041876671?
0
What is the hundreds digit of 4292411239?
2
What is the ten thousands digit of 5255734849?
3
What is the hundred thousands digit of 54945077?
9
What is the hundred millions digit of 107284106?
1
What is the units digit of 264529721?
1
What is the ten thousands digit of 65984290?
8
What is the hundred thousands digit of 180860296?
8
What is the millions digit of 914125924?
4
What is the hundred thousands digit of 49892729?
8
What is the tens digit of 76991032?
3
What is the millions digit of 186582549?
6
What is the hundred thousands digit of 38187141?
1
What is the tens digit of 2202342540?
4
What is the ten millions digit of 21357761?
2
What is the billions digit of 3824996618?
3
What is the ten thousands digit of 115707456?
0
What is the ten thousands digit of 157471255?
7
What is the hundred thousands digit of 32148398?
1
What is the millions digit of 1454127415?
4
What is the thousands digit of 72592230?
2
What is the hundred millions digit of 1151503366?
1
What is the thousands digit of 1197609806?
9
What is the ten thousands digit of 377642093?
4
What is the hundreds digit of 1253098948?
9
What is the millions digit of 68183831?
8
What is the hundreds digit of 224091656?
6
What is the millions digit of 1672000766?
2
What is the millions digit of 7697729057?
7
What is the hundreds digit of 104823353?
3
What is the hundreds digit of 29935446?
4
What is the millions digit of 1258496458?
8
What is the hundreds digit of 523037958?
9
What is the thousands digit of 3895255666?
5
What is the millions digit of 10601281?
0
What is the units digit of 2985201397?
7
What is the tens digit of 791742432?
3
What is the tens digit of 278734410?
1
What is the thousands digit of 108195364?
5
What is the hundred millions digit of 1180878306?
1
What is the millions digit of 93248448?
3
What is the ten millions digit of 3143184950?
4
What is the hundreds digit of 45466939?
9
What is the tens digit of 52695344?
4
What is the millions digit of 142534941?
2
What is the ten thousands digit of 220148030?
4
What is the ten thousands digit of 229806656?
0
What is the hundreds digit of 20080967?
9
What is the tens digit of 106528594?
9
What is the ten thousands digit of 187030359?
3
What is the hundreds digit of 117229318?
3
What is the ten thousands digit of 367806594?
0
What is the ten millions digit of 1286606206?
8
What is the units digit of 427814289?
9
What is the hundred thousands digit of 12806402?
8
What is the hundred millions digit of 208449552?
2
What is the units digit of 665761429?
9
What is the hundred thousands digit of 123698196?
6
What is the millions digit of 6682249294?
2
What is the hundred millions digit of 4060939051?
0
What is the hundreds digit of 53903885?
8
What is the hundred millions digit of 1242937237?
2
What is the units digit of 629039386?
6
What is the millions digit of 11619755?
1
What is the millions digit of 183393937?
3
What is the units digit of 2008742674?
4
What is the ten thousands digit of 96715863?
1
What is the tens digit of 543995661?
6
What is the hundred thousands digit of 106880667?
8
What is the tens digit of 18185401?
0
What is the ten millions digit of 71200463?
7
What is the hundred millions digit of 1489111658?
4
What is the units digit of 2367651460?
0
What is the hundred millions digit of 984672520?
9
What is the millions digit of 140570243?
0
What is the hundred thousands digit of 315340336?
3
What is the hundreds digit of 665086?
0
What is the tens digit of 5036433?
3
What is the millions digit of 405735537?
5
What is the hundred thousands digit of 45441230?
4
What is the ten millions digit of 12265725?
1
What is the ten thousands digit of 1002605770?
0
What is the ten thousands digit of 5925701052?
0
What is the ten thousands digit of 392447938?
4
What is the tens digit of 316998332?
3
What is the units digit of 45075141?
1
What is the ten millions digit of 36816842?
3
What is the hundred thousands digit of 427869465?
8
What is the thousands digit of 65604267?
4
What is the thousands digit of 43177942?
7
What is the units digit of 55115850?
0
What is the hundreds digit of 602002641?
6
What is the hundreds digit of 100337055?
0
What is the ten millions digit of 27560507?
2
What is the millions digit of 198589320?
8
What is the hundreds digit of 762742900?
9
What is the hundred thousands digit of 1540921008?
9
What is the hundred millions digit of 148159143?
1
What is the billions digit of 5243001730?
5
What is the hundreds digit of 35308261?
2
What is the ten thousands digit of 332582197?
8
What is the hundreds digit of 42398273?
2
What is the thousands digit of 154625642?
5
What is the hundred millions digit of 628237185?
6
What is the hundred millions digit of 334816421?
3
What is the ten thousands digit of 3304454847?
5
What is the hundred thousands digit of 56989303?
9
What is the ten millions digit of 12854569?
1
What is the tens digit of 30285671?
7
What is the hundreds digit of 179793472?
4
What is the ten thousands digit of 2064978777?
7
What is the millions digit of 2159300444?
9
What is the units digit of 214486951?
1
What is the units digit of 3535750266?
6
What is the hundred millions digit of 687997038?
6
What is the units digit of 218105771?
1
What is the ten thousands digit of 2350018007?
1
What is the thousands digit of 2039240?
9
What is the ten millions digit of 74454158?
7
What is the ten millions digit of 92136361?
9
What is the tens digit of 120547596?
9
What is the ten thousands digit of 66515499?
1
What is the millions digit of 3427614261?
7
What is the millions digit of 67616116?
7
What is the millions digit of 373216700?
3
What is the ten thousands digit of 62737404?
3
What is the hundred thousands digit of 67025926?
0
What is the units digit of 332892549?
9
What is the hundred thousands digit of 879575421?
5
What is the units digit of 1799923123?
3
What is the ten millions digit of 73821300?
7
What is the ten thousands digit of 863856744?
5
What is the hundreds digit of 326379500?
5
What is the hundreds digit of 113003748?
7
What is the hundred millions digit of 188150241?
1
What is the thousands digit of 1936100349?
0
What is the hundred millions digit of 117585537?
1
What is the tens digit of 102225697?
9
What is the billions digit of 2176126909?
2
What is the tens digit of 122024088?
8
What is the tens digit of 1245095587?
8
What is the millions digit of 983073779?
3
What is the units digit of 1804109137?
7
What is the millions digit of 4784192389?
4
What is the millions digit of 1196059406?
6
What is the units digit of 82163109?
9
What is the hundreds digit of 232533774?
7
What is the millions digit of 435419015?
5
What is the hundred millions digit of 1935597592?
9
What is the ten thousands digit of 896145179?
4
What is the ten millions digit of 943939068?
4
What is the units digit of 49856945?
5
What is the hundred millions digit of 687127849?
6
What is the ten thousands digit of 3555895395?
9
What is the ten millions digit of 3225980806?
2
What is the ten thousands digit of 1266830647?
3
What is the thousands digit of 63785622?
5
What is the hundred millions digit of 1896032689?
8
What is the hundred thousands digit of 606106768?
1
What is the tens digit of 8339122?
2
What is the ten millions digit of 2575580377?
7
What is the hundred thousands digit of 2351204642?
2
What is the